[INFO] fetching crate parser4curls 0.1.1...
[INFO] checking parser4curls-0.1.1 against master#9610dfe5a9a731ced1ea4923ecbd0c57fe367898 for beta-170-4
[INFO] extracting crate parser4curls 0.1.1 into /workspace/builds/worker-3-tc1/source
[INFO] validating manifest of crates.io crate parser4curls 0.1.1 on toolchain 9610dfe5a9a731ced1ea4923ecbd0c57fe367898
[INFO] running `Command { std: CARGO_HOME="/workspace/cargo-home" RUSTUP_HOME="/workspace/rustup-home" "/workspace/cargo-home/bin/cargo" "+9610dfe5a9a731ced1ea4923ecbd0c57fe367898" "metadata" "--manifest-path" "Cargo.toml" "--no-deps", kill_on_drop: false }`
[INFO] started tweaking crates.io crate parser4curls 0.1.1
[INFO] finished tweaking crates.io crate parser4curls 0.1.1
[INFO] tweaked toml for crates.io crate parser4curls 0.1.1 written to /workspace/builds/worker-3-tc1/source/Cargo.toml
[INFO] running `Command { std: CARGO_HOME="/workspace/cargo-home" RUSTUP_HOME="/workspace/rustup-home" __CARGO_TEST_CHANNEL_OVERRIDE_DO_NOT_USE_THIS="nightly" "/workspace/cargo-home/bin/cargo" "+9610dfe5a9a731ced1ea4923ecbd0c57fe367898" "generate-lockfile" "--manifest-path" "Cargo.toml" "-Zno-index-update", kill_on_drop: false }`
[INFO] running `Command { std: CARGO_HOME="/workspace/cargo-home" RUSTUP_HOME="/workspace/rustup-home" "/workspace/cargo-home/bin/cargo" "+9610dfe5a9a731ced1ea4923ecbd0c57fe367898" "fetch" "--manifest-path" "Cargo.toml", kill_on_drop: false }`
[INFO] [stderr]  Downloading crates ...
[INFO] [stderr]   Downloaded nom v6.2.2
[INFO] running `Command { std: "docker" "create" "-v" "/var/lib/crater-agent-workspace/builds/worker-3-tc1/target:/opt/rustwide/target:rw,Z" "-v" "/var/lib/crater-agent-workspace/builds/worker-3-tc1/source:/opt/rustwide/workdir:ro,Z" "-v" "/var/lib/crater-agent-workspace/cargo-home:/opt/rustwide/cargo-home:ro,Z" "-v" "/var/lib/crater-agent-workspace/rustup-home:/opt/rustwide/rustup-home:ro,Z" "-e" "SOURCE_DIR=/opt/rustwide/workdir" "-e" "CARGO_TARGET_DIR=/opt/rustwide/target" "-e" "CARGO_HOME=/opt/rustwide/cargo-home" "-e" "RUSTUP_HOME=/opt/rustwide/rustup-home" "-w" "/opt/rustwide/workdir" "-m" "1610612736" "--user" "0:0" "--network" "none" "ghcr.io/rust-lang/crates-build-env/linux@sha256:19e73879b68f455e41552ea35293514db52ea292d993f571636dbffedb77a1ee" "/opt/rustwide/cargo-home/bin/cargo" "+9610dfe5a9a731ced1ea4923ecbd0c57fe367898" "metadata" "--no-deps" "--format-version=1", kill_on_drop: false }`
[INFO] [stdout] a34e32aca1f32c88390e293873cec3f811568c2d252215fa8bdaaf8df0a4b0c6
[INFO] running `Command { std: "docker" "start" "-a" "a34e32aca1f32c88390e293873cec3f811568c2d252215fa8bdaaf8df0a4b0c6", kill_on_drop: false }`
[INFO] running `Command { std: "docker" "inspect" "a34e32aca1f32c88390e293873cec3f811568c2d252215fa8bdaaf8df0a4b0c6", kill_on_drop: false }`
[INFO] running `Command { std: "docker" "rm" "-f" "a34e32aca1f32c88390e293873cec3f811568c2d252215fa8bdaaf8df0a4b0c6", kill_on_drop: false }`
[INFO] [stdout] a34e32aca1f32c88390e293873cec3f811568c2d252215fa8bdaaf8df0a4b0c6
[INFO] running `Command { std: "docker" "create" "-v" "/var/lib/crater-agent-workspace/builds/worker-3-tc1/target:/opt/rustwide/target:rw,Z" "-v" "/var/lib/crater-agent-workspace/builds/worker-3-tc1/source:/opt/rustwide/workdir:ro,Z" "-v" "/var/lib/crater-agent-workspace/cargo-home:/opt/rustwide/cargo-home:ro,Z" "-v" "/var/lib/crater-agent-workspace/rustup-home:/opt/rustwide/rustup-home:ro,Z" "-e" "SOURCE_DIR=/opt/rustwide/workdir" "-e" "CARGO_TARGET_DIR=/opt/rustwide/target" "-e" "CARGO_INCREMENTAL=0" "-e" "RUST_BACKTRACE=full" "-e" "RUSTFLAGS=--cap-lints=forbid" "-e" "RUSTDOCFLAGS=--cap-lints=forbid" "-e" "CARGO_HOME=/opt/rustwide/cargo-home" "-e" "RUSTUP_HOME=/opt/rustwide/rustup-home" "-w" "/opt/rustwide/workdir" "-m" "1610612736" "--user" "0:0" "--network" "none" "ghcr.io/rust-lang/crates-build-env/linux@sha256:19e73879b68f455e41552ea35293514db52ea292d993f571636dbffedb77a1ee" "/opt/rustwide/cargo-home/bin/cargo" "+9610dfe5a9a731ced1ea4923ecbd0c57fe367898" "check" "--frozen" "--all" "--all-targets" "--message-format=json", kill_on_drop: false }`
[INFO] [stdout] c06877f91342cfdf59b06ed956a9e1f013d1c4d513ee4207fad7edae942a9b99
[INFO] running `Command { std: "docker" "start" "-a" "c06877f91342cfdf59b06ed956a9e1f013d1c4d513ee4207fad7edae942a9b99", kill_on_drop: false }`
[INFO] [stderr]    Compiling radium v0.5.3
[INFO] [stderr]     Checking ryu v1.0.13
[INFO] [stderr]    Compiling lexical-core v0.7.6
[INFO] [stderr]    Compiling memchr v2.3.4
[INFO] [stderr]    Compiling serde v1.0.163
[INFO] [stderr]     Checking static_assertions v1.1.0
[INFO] [stderr]    Compiling serde_json v1.0.96
[INFO] [stderr]     Checking tap v1.0.1
[INFO] [stderr]     Checking arrayvec v0.5.2
[INFO] [stderr]     Checking funty v1.1.0
[INFO] [stderr]    Compiling anyhow v1.0.71
[INFO] [stderr]     Checking wyz v0.2.0
[INFO] [stderr]     Checking itoa v1.0.6
[INFO] [stderr]    Compiling nom v6.2.2
[INFO] [stderr]     Checking bitvec v0.19.6
[INFO] [stderr]     Checking parser4curls v0.1.1 (/opt/rustwide/workdir)
[INFO] [stdout] error[E0308]: mismatched types
[INFO] [stdout]    --> src/lib.rs:186:9
[INFO] [stdout]     |
[INFO] [stdout] 186 | ...   assert_eq!(options_data_raw(input), Ok((" \\", "i=test&from=16264490298264&sign=ce3bfa052b83a7a6&lts=1626449029826&bv=186085bc402&doctype=json&v=2.1&")...
[INFO] [stdout]     |       ^^^^^^^^^^^^^^^^^^^^^^^^^^^^^^^^^^^^^^^^^^^^^^^^^^^^^^^^^^^^^^^^^^^^^^^^^^^^^^^^^^^^^^^^^^^^^^^^^^^^^^^^^^^^^^^^^^^^^^^^^^^^^^^^^^^^^^^^^^^^^^^^^^^^^^^^^ expected `Result<(&str, &str), Err<...>>`, found `Result<(&str, &str), Error>`
[INFO] [stdout]     |
[INFO] [stdout]     = note: expected enum `std::result::Result<(&str, &str), nom::Err<nom::error::Error<&str>>>`
[INFO] [stdout]                found enum `std::result::Result<(&str, &str), anyhow::Error>`
[INFO] [stdout]     = note: this error originates in the macro `assert_eq` (in Nightly builds, run with -Z macro-backtrace for more info)
[INFO] [stdout] 
[INFO] [stdout] 
[INFO] [stdout] error[E0308]: mismatched types
[INFO] [stdout]    --> src/lib.rs:192:9
[INFO] [stdout]     |
[INFO] [stdout] 192 |         assert_eq!(options_(input), Ok(("\x20\\", ("X", Some("GET")))));
[INFO] [stdout]     |         ^^^^^^^^^^^^^^^^^^^^^^^^^^^^^^^^^^^^^^^^^^^^^^^^^^^^^^^^^^^^^^^ expected `nom::Err<nom::error::Error<&str>>`, found `anyhow::Error`
[INFO] [stdout]     |
[INFO] [stdout]     = note: expected enum `std::result::Result<(&str, (&str, Option<&str>)), nom::Err<nom::error::Error<&str>>>`
[INFO] [stdout]                found enum `std::result::Result<(&str, (&str, Option<&str>)), anyhow::Error>`
[INFO] [stdout]     = note: this error originates in the macro `assert_eq` (in Nightly builds, run with -Z macro-backtrace for more info)
[INFO] [stdout] 
[INFO] [stdout] 
[INFO] [stdout] error[E0308]: mismatched types
[INFO] [stdout]    --> src/lib.rs:194:9
[INFO] [stdout]     |
[INFO] [stdout] 194 |         assert_eq!(options_(input), Ok(("", ("compressed", None))));
[INFO] [stdout]     |         ^^^^^^^^^^^^^^^^^^^^^^^^^^^^^^^^^^^^^^^^^^^^^^^^^^^^^^^^^^^ expected `nom::Err<nom::error::Error<&str>>`, found `anyhow::Error`
[INFO] [stdout]     |
[INFO] [stdout]     = note: expected enum `std::result::Result<(&str, (&str, Option<&str>)), nom::Err<nom::error::Error<&str>>>`
[INFO] [stdout]                found enum `std::result::Result<(&str, (&str, Option<_>)), anyhow::Error>`
[INFO] [stdout]     = note: this error originates in the macro `assert_eq` (in Nightly builds, run with -Z macro-backtrace for more info)
[INFO] [stdout] 
[INFO] [stdout] 
[INFO] [stdout] error[E0308]: mismatched types
[INFO] [stdout]    --> src/lib.rs:196:9
[INFO] [stdout]     |
[INFO] [stdout] 196 | /         assert_eq!(
[INFO] [stdout] 197 | |             options_(input),
[INFO] [stdout] 198 | |             Ok(("\x20\\", ("H", Some("Accept-Encoding: gzip, deflate, br"))))
[INFO] [stdout] 199 | |         );
[INFO] [stdout]     | |_________^ expected `nom::Err<nom::error::Error<&str>>`, found `anyhow::Error`
[INFO] [stdout]     |
[INFO] [stdout]     = note: expected enum `std::result::Result<(&str, (&str, Option<&str>)), nom::Err<nom::error::Error<&str>>>`
[INFO] [stdout]                found enum `std::result::Result<(&str, (&str, Option<&str>)), anyhow::Error>`
[INFO] [stdout]     = note: this error originates in the macro `assert_eq` (in Nightly builds, run with -Z macro-backtrace for more info)
[INFO] [stdout] 
[INFO] [stdout] 
[INFO] [stdout] error[E0308]: mismatched types
[INFO] [stdout]    --> src/lib.rs:205:9
[INFO] [stdout]     |
[INFO] [stdout] 205 | /         assert_eq!(
[INFO] [stdout] 206 | |             options_header_cookie(input),
[INFO] [stdout] 207 | |             Ok((
[INFO] [stdout] 208 | |                 "\x20\\",
[INFO] [stdout] ...   |
[INFO] [stdout] 216 | |             ))
[INFO] [stdout] 217 | |         );
[INFO] [stdout]     | |_________^ expected `nom::Err<nom::error::Error<&str>>`, found `anyhow::Error`
[INFO] [stdout]     |
[INFO] [stdout]     = note: expected enum `std::result::Result<(&str, std::collections::HashMap<&str, &str>), nom::Err<nom::error::Error<&str>>>`
[INFO] [stdout]                found enum `std::result::Result<(&str, std::collections::HashMap<&str, &str>), anyhow::Error>`
[INFO] [stdout]     = note: this error originates in the macro `assert_eq` (in Nightly builds, run with -Z macro-backtrace for more info)
[INFO] [stdout] 
[INFO] [stdout] 
[INFO] [stdout] error[E0308]: mismatched types
[INFO] [stdout]    --> src/lib.rs:224:9
[INFO] [stdout]     |
[INFO] [stdout] 224 |         assert_eq!(options_header_(input), Ok(("", ("Accept", "*/*"))));
[INFO] [stdout]     |         ^^^^^^^^^^^^^^^^^^^^^^^^^^^^^^^^^^^^^^^^^^^^^^^^^^^^^^^^^^^^^^^ expected `Result<(&str, (&str, &str)), ...>`, found `Result<(&str, (&str, &str)), Error>`
[INFO] [stdout]     |
[INFO] [stdout]     = note: expected enum `std::result::Result<(&str, (&str, &str)), nom::Err<nom::error::Error<&str>>>`
[INFO] [stdout]                found enum `std::result::Result<(&str, (&str, &str)), anyhow::Error>`
[INFO] [stdout]     = note: this error originates in the macro `assert_eq` (in Nightly builds, run with -Z macro-backtrace for more info)
[INFO] [stdout] 
[INFO] [stdout] 
[INFO] [stdout] error[E0308]: mismatched types
[INFO] [stdout]    --> src/lib.rs:227:9
[INFO] [stdout]     |
[INFO] [stdout] 227 | ...   assert_eq!(options_header_(input), Ok(("", ("User-Agent", "Mozilla/5.0 (Macintosh; Intel Mac OS X 10_15_7) AppleWebKit/537.36 (KHTML, like Gecko) Chrome/91.0.4472.114 Safari/537.36"))...
[INFO] [stdout]     |       ^^^^^^^^^^^^^^^^^^^^^^^^^^^^^^^^^^^^^^^^^^^^^^^^^^^^^^^^^^^^^^^^^^^^^^^^^^^^^^^^^^^^^^^^^^^^^^^^^^^^^^^^^^^^^^^^^^^^^^^^^^^^^^^^^^^^^^^^^^^^^^^^^^^^^^^^^^^^^^^^^^^^^^^^^^^^^^^^^^^^^^^^^ expected `Result<(&str, (&str, &str)), ...>`, found `Result<(&str, (&str, &str)), Error>`
[INFO] [stdout]     |
[INFO] [stdout]     = note: expected enum `std::result::Result<(&str, (&str, &str)), nom::Err<nom::error::Error<&str>>>`
[INFO] [stdout]                found enum `std::result::Result<(&str, (&str, &str)), anyhow::Error>`
[INFO] [stdout]     = note: this error originates in the macro `assert_eq` (in Nightly builds, run with -Z macro-backtrace for more info)
[INFO] [stdout] 
[INFO] [stdout] 
[INFO] [stdout] error[E0308]: mismatched types
[INFO] [stdout]    --> src/lib.rs:231:9
[INFO] [stdout]     |
[INFO] [stdout] 231 | /         assert_eq!(
[INFO] [stdout] 232 | |             options_header_(input),
[INFO] [stdout] 233 | |             Ok((
[INFO] [stdout] 234 | |                 "\x20\\",
[INFO] [stdout] ...   |
[INFO] [stdout] 239 | |             ))
[INFO] [stdout] 240 | |         );
[INFO] [stdout]     | |_________^ expected `Result<(&str, (&str, &str)), ...>`, found `Result<(&str, (&str, &str)), Error>`
[INFO] [stdout]     |
[INFO] [stdout]     = note: expected enum `std::result::Result<(&str, (&str, &str)), nom::Err<nom::error::Error<&str>>>`
[INFO] [stdout]                found enum `std::result::Result<(&str, (&str, &str)), anyhow::Error>`
[INFO] [stdout]     = note: this error originates in the macro `assert_eq` (in Nightly builds, run with -Z macro-backtrace for more info)
[INFO] [stdout] 
[INFO] [stdout] 
[INFO] [stdout] error: aborting due to 8 previous errors
[INFO] [stdout] 
[INFO] [stdout] 
[INFO] [stdout] For more information about this error, try `rustc --explain E0308`.
[INFO] [stdout] 
[INFO] [stderr] error: could not compile `parser4curls` (lib test) due to 9 previous errors
[INFO] running `Command { std: "docker" "inspect" "c06877f91342cfdf59b06ed956a9e1f013d1c4d513ee4207fad7edae942a9b99", kill_on_drop: false }`
[INFO] running `Command { std: "docker" "rm" "-f" "c06877f91342cfdf59b06ed956a9e1f013d1c4d513ee4207fad7edae942a9b99", kill_on_drop: false }`
[INFO] [stdout] c06877f91342cfdf59b06ed956a9e1f013d1c4d513ee4207fad7edae942a9b99
